 - 8*n - 16. Let r be a(9). Determine l(r).
16
Let k(q) = -q**3 - 4*q**2 + 2*q + 2. Let x = -12 + 19. Let r be 13/(-7) - 1/x. Calculate k(r).
-10
Let t(m) = -4*m**2 - 3*m + 19. Let k(c) = 3*c**2 + 2*c - 13. Let n(a) = -7*k(a) - 5*t(a). Suppose 2*s = -o + 5, 0 = 5*o + 1 + 4. Give n(s).
-10
Let m be 6/((-5)/((-30)/9)). Let g be 42/9 + m/(-6). Let a(w) = -w**3 + 4*w**2 + 2*w - 2. Determine a(g).
6
Let p = -15 - -18. Let b(d) = -d**2 - d + 1. Let g(n) = n**2 + 2*n + 2. Let t(a) = -2*b(a) - g(a). Give t(p).
5
Let b(j) be the first derivative of -3*j**2/2 - 3*j - 9. What is b(-2)?
3
Let q(u) = u**2 - u - 7. Let s = 1 + -1. Let h = s - 3. Let a = -3 - h. Calculate q(a).
-7
Let s(u) = u**3 + 4*u**2 + 3*u. Let d be s(-3). Let y = 0 + d. Let f(m) be the second derivative of m**3/6 - 4*m**2 - 6*m. Calculate f(y).
-8
Let g(z) = -3*z. Suppose -18*h + 21*h - 3 = 0. Determine g(h).
-3
Let r(b) = b**3 - 5*b**2 - b - 6. Let o be 5 + -2 + (-2)/(-1). Give r(o).
-11
Suppose 6 = -2*h - 2*q, 5*h - 2*q - 5 = -20. Suppose -2*i + 14 = 2*m - 4, -3*i + 22 = 2*m. Let g(d) = 0*d - d**3 + 4 + 3*d - 4*d**2 - m*d. Determine g(h).
1
Let z be (-4 + -1)*(-12)/15. Suppose -5*u + z = -6. Suppose -2*k + 16 = -k - 4*p, u*k - 4*p = 12. Let h(v) = v**3 + 3*v**2 - 6*v - 5. Calculate h(k).
3
Let z(q) = -q**3 - 3*q**2 + q - 2. Let t(p) = -p**3 - 8*p**2 + 20*p - 2. Let o be t(-10). Calculate z(o).
-8
Let i(k) = -8*k**3 - 6*k**2 + 7*k + 4. Let q(v) = 9*v**3 + 7*v**2 - 8*v - 5. Let r(t) = -6*i(t) - 5*q(t). Determine r(1).
3
Suppose 4*j + 12 = -5*o + 4, -4*j - 3*o - 8 = 0. Let d(i) = 2*i**3 + 4*i**2 + 4*i + 3. Give d(j).
-5
Let i(k) be the second derivative of k**5/60 - k**4/24 - k**3/2 - 3*k**2 - 8*k. Let t(b) be the first derivative of i(b). What is t(4)?
9
Let u(v) = -2*v + 0*v + v**2 + 4 - 3*v. Let g(b) = -7*b - 7. Let a be g(-10). Let p be a/12 + (-2)/8. What is u(p)?
4
Let a = 6 + -5. Let c(w) = 7*w + 10. Let k(h) = -h - 1. Let p(l) = a*c(l) + 5*k(l). Give p(-4).
-3
Let k(u) = u**2 + u - 1. Suppose 8*d - 3*d - 35 = 0. Let r(f) = -f**3 + 7*f**2 - f + 10. Let y be r(d). Calculate k(y).
11
Let g(k) = 63*k**2 + 0*k + 4*k + 1 - 62*k**2. Determine g(-3).
-2
Suppose -3*r = -b - b + 19, -4*b - r = -3. Let i be ((-13)/26)/(b/4). Let d(l) = 5*l - 1. What is d(i)?
-6
Let f(u) = 10*u**3 + 6*u**2 + 8*u - 11. Let l(c) = 3*c**3 + 2*c**2 + 3*c - 4. Let d(i) = 4*f(i) - 11*l(i). Determine d(1).
8
Let p(c) = 5*c**2 - 2*c - 1. Let g be -9 - (-4 + 0 - -3). Let i = g + 7. Give p(i).
6
Suppose -4*i = -2*n - 16, -2*i + 0*n - 3*n = -8. Let p(g) = -g**3 + 4*g**2 + 2*g - 2. Calculate p(i).
6
Suppose -d + 5*d - 13 = -3*i, d + 2 = i. Let j(z) = -4*z**2 - 6*z**2 + 9*z**2 + i*z + 3. Let q(o) = 5*o**2 - 1. Let h be q(-1). Calculate j(h).
-1
Let z(g) = g**3 - 3*g**2 - 4*g + 5. Let i = -22 - -14. Let h = -4 - i. Suppose -3*y - 2*b + 26 = 2*y, h*y - 4 = 4*b. Give z(y).
5
Suppose 0*h - 4*h = -16. Let i(c) = 3 + 6*c + h - 7 + c**2 + 4. Give i(-3).
-5
Let w(d) = -4*d + 2*d - 6*d**2 + d**3 + 0 + 7. Suppose 5*r - 5*i = 2 + 18, -r = 2*i - 10. Calculate w(r).
-5
Let x(y) = 3*y + 6. Let g = -18 + 12. Determine x(g).
-12
Suppose 2*f = -j - 13, 4*j - 8 = -f - 25. Suppose -2*a - 2 = -0. Let z = f - a. Let w(d) = -2*d - 5. Determine w(z).
3
Let d(y) = -y - 4. Let f be d(-10). Let q(v) = 0*v**2 + f*v + 5*v**2 - 5*v. Calculate q(1).
6
Let s be (-5)/(-10) - (-9)/2. Suppose 0 = 2*a - 4*h - 6, 0 = 3*a - s*h - 3 - 3. Let y(v) be the second derivative of v**3/2 + v**2 - 2*v. What is y(a)?
-7
Let g(v) be the first derivative of -2*v**2 + 9*v + v**2 + 0*v**2 - 3*v + 3. Give g(5).
-4
Let s(o) = 7*o**2 - 2*o - 7. Let m(z) = 6*z**2 - z - 6. Let b(u) = -6*m(u) + 5*s(u). Let v(p) = p**2 + 5*p - 1. Let t(j) = 2*b(j) + 3*v(j). Determine t(-6).
-7
Let g(o) be the second derivative of -o**7/840 - o**6/360 - o**5/120 - o**3/2 - 2*o. Let t(x) be the second derivative of g(x). What is t(-1)?
1
Let k(b) = 3*b**3 - 4*b**2 + 2*b + 1. Let a = -5 - -14. Suppose -3*r + 2*r - 3*q = -17, -a = -r + q. Let f be r/5 - 4/20. Determine k(f).
13
Suppose 0 = -p + 6*p - 5. Let b(y) = -9 + y**2 + 3*y + p + 0*y + 3*y. Give b(-7).
-1
Let g(w) = 4*w - 7. Let n(t) = -3*t + 5. Suppose 5*d + 25 = 0, 3*j = j + d + 15. Let y(z) = j*g(z) + 7*n(z). Let u(m) = 2*m - 3. Let r be u(4). What is y(r)?
-5
Let j(d) = -d**2 + 4*d + 3. Suppose -2*v - 5*s = -5*v + 35, 0 = -2*v + 4*s + 26. Give j(v).
-2
Let d(g) be the second derivative of -g**4/12 - 5*g**3/6 - 3*g**2/2 - 2*g. Let f(m) = -m**3 + m**2 + m - 1. Let o be f(2). Determine d(o).
3
Let k be (-186)/(-66) + 2/11. Let u = -1 + k. Let m(j) = -j**3 + j**2 + 3*j - 2. What is m(u)?
0
Let b(p) = 2*p**2 - 6*p + 1. Let a be 70/20*(-1 + 3) + -2. What is b(a)?
21
Suppose 4*s = -20, 5*n + 4*s - 8*s = 30. Let a(c) be the first derivative of 3*c + 2 - 1/3*c**3 - 1/2*c**n. Give a(3).
-9
Let z(v) be the third derivative of -5*v**4/24 + v**3/2 + 13*v**2. Give z(2).
-7
Let x(d) = -4*d + 37. Let a be x(10). Let i(g) = -g**3 - 3*g**2 + 4*g + 1. Calculate i(a).
-11
Let a(i) = i**2 - 5*i - 8. Let m(l) be the first derivative of -l**2/2 + 3*l - 2. Let g be m(-3). Give a(g).
-2
Let b(o) = -o**2 + 7*o - 2. Let t be (3 + -19)/(8/12). Let s(j) = 2*j. Let q be s(-1). Let g be ((-8)/t)/(q/(-30)). Calculate b(g).
8
Let g(x) be the first derivative of -x**2/2 + x + 2. Let b(n) = 9*n**3 - n**2 + 7*n - 5. Let w(k) = -b(k) - 6*g(k). Determine w(-1).
10
Let b(g) = g**3 - 6*g**2 - g + 1. Let x be -18*(-1 - (-8)/36*3). What is b(x)?
-5
Let z(s) be the second derivative of s**3/3 + 5*s**2 + 5*s. Determine z(-7).
-4
Let o = -1 - -4. Let j(q) = -3*q**3 + 5*q**3 - 2*q**2 - 2*q**o - 4*q**3 - q. Give j(-1).
3
Let a(v) = 2*v**2 + 2*v - 3. Let h = 143 + -146. Give a(h).
9
Let c(z) = -12*z**3 + 1. Let x be (10/40)/(1/(-4)). Calculate c(x).
13
Let k(i) = i**3 - 7*i**2 - 10. Let r(h) = -h**3 - 24*h**2 - h - 17. Let z be r(-24). Give k(z).
-10
Let z(l) = -5*l + 2. Let h(x) = 6*x - 2. Let c(p) = -6*h(p) - 7*z(p). What is c(7)?
-9
Let c(l) = 7*l**2 - 2*l + 1. Suppose 2 = -5*s + 7. Determine c(s).
6
Let l = -35 + 35. Let x(a) be the third derivative of 5/6*a**3 + 0*a + 0 - 1/24*a**4 + a**2. Give x(l).
5
Let b(z) = -z**3 + z**3 - 2*z - 4*z**2 - z**3 - 1. Let k = -28 + 24. What is b(k)?
7
Suppose -5*d + 4*d + 23 = -4*k, 0 = 2*k - 5*d + 25. Let h(v) be the first derivative of -v**2/2 + 3*v - 2. Determine h(k).
8
Let l(x) = 5 - 2*x - 4*x - 6 + x**2 + 2*x. Calculate l(5).
4
Let w(u) = u**2 - u + 6. Let z(l) = l**3 + 3*l**2 - 4*l. Let c = 6 + -10. Let d be z(c). Determine w(d).
6
Let c = 335 + -20099/60. Let a(p) be the third derivative of c*p**5 + p**2 + 7/24*p**4 + 0 + 2/3*p**3 + 0*p. Calculate a(-4).
-8
Let a(u) = u + 6. Let s = -11 - -6. Give a(s).
1
Let l(f) be the second derivative of -f**5/40 + f**4/8 + 5*f**3/6 + f. Let g(q) be the second derivative of l(q). Suppose 0 = 5*a - 11 - 9. Give g(a).
-9
Let p(t) = 2*t - 3. Suppose 0 = n - 5*z + 15, 0 = -n - 4*z + 3*z + 9. Suppose g + 8 = -5*r + r, n*g = -r + 17. Determine p(g).
5
Suppose 0 = -4*d + 4*h + 4, 10 = -2*d - 4*h + 2*h. Let l(b) = 5*b**2. Calculate l(d).
20
Let l be (2 + 0 - 2) + (-3 - -5). Let b(i) = -8*i + 3. Calculate b(l).
-13
Suppose -3*l - 10 = -8*l. Let d(r) = -r**3 + 2*r**2 - 3*r. Let c be d(l). Let u(q) = q**3 + 7*q**2 + 6*q - 7. What is u(c)?
-7
Let v(k) = 3*k + 5. Suppose -4*g = -4*t - 3 - 1, 3*g - 2*t = 5. Let j(m) = 6*m + 10. Let h(x) = g*j(x) - 5*v(x). Let s be 52/(-12) + (-2)/3. What is h(s)?
-10
Let q(g) = 3*g + 2. Let m be q(1). Suppose -2*h + 18 = -5*y + y, 0 = 2*h - m*y - 23. Let o(z) = -3*z**3 + z + 1. What is o(h)?
3
Let o(q) be the second derivative of 5*q**4/12 + q**3/3 - q**2/2 + 13*q. Suppose 0 = 4*m - 0 + 12, 5*s - m = 8. Calculate o(s).
6
Let j(a) = 3*a**2 + 5*a + 6. Let t(b) = 7*b**2 + 11*b + 13. Let u(v) = -5*j(v) + 2*t(v). Give u(-3).
-4
Let s(o) = o - 1. Let j(b) = -b + 1. Let v(i) = -4*j(i) - 5*s(i). Determine v(0).
1
Let c(t) = -3*t**2 + 13 + 2*t**2 + 0 - 1 - 11 + 3*t. Let o be 2/(-4) + 14/4. Determine c(o).
1
Suppose -5*b + 61 = 4*c - c, -2*b + 3*c = -16. Let h(w) = -w + 11. What is h(b)?
0
Suppose -2*g + 25 = 5*p, 0 = 5*p - 5*g + 5 + 5. Let y = -9 + 16. Suppose -y = -p*q - 5*s + 7, -q + 5*s = 22. Let x(i) = 4*i + 3. Determine x(q).
-5
Let p be 5 + -2 - (-9)/(-1). Let x(u) = 7*u**3 - 10